by 28.
20
Calculate the remainder when 6456 is divided by 17.
13
Calculate the remainder when 151 is divided by 5.
1
Calculate the remainder when 126 is divided by 64.
62
What is the remainder when 30 is divided by 13?
4
What is the remainder when 324 is divided by 58?
34
What is the remainder when 701 is divided by 118?
111
Calculate the remainder when 305 is divided by 33.
8
Calculate the remainder when 769 is divided by 154.
153
Calculate the remainder when 211 is divided by 99.
13
What is the remainder when 1114 is divided by 1104?
10
Calculate the remainder when 221 is divided by 58.
47
What is the remainder when 4051 is divided by 22?
3
What is the remainder when 120 is divided by 35?
15
What is the remainder when 229 is divided by 169?
60
What is the remainder when 657 is divided by 30?
27
What is the remainder when 82 is divided by 13?
4
What is the remainder when 171 is divided by 25?
21
What is the remainder when 11607 is divided by 258?
255
Calculate the remainder when 140 is divided by 11.
8
Calculate the remainder when 100 is divided by 61.
39
What is the remainder when 7934 is divided by 21?
17
Calculate the remainder when 173 is divided by 58.
57
Calculate the remainder when 402 is divided by 70.
52
What is the remainder when 172 is divided by 44?
40
What is the remainder when 711 is divided by 34?
31
Calculate the remainder when 46 is divided by 8.
6
Calculate the remainder when 2526 is divided by 115.
111
Calculate the remainder when 1706 is divided by 8.
2
Calculate the remainder when 292 is divided by 46.
16
Calculate the remainder when 199 is divided by 64.
7
Calculate the remainder when 144 is divided by 72.
0
What is the remainder when 262 is divided by 80?
22
Calculate the remainder when 1491 is divided by 493.
12
What is the remainder when 110 is divided by 24?
14
Calculate the remainder when 514 is divided by 14.
10
Calculate the remainder when 762 is divided by 60.
42
Calculate the remainder when 3645 is divided by 50.
45
Calculate the remainder when 121 is divided by 54.
13
What is the remainder when 110 is divided by 29?
23
What is the remainder when 1279 is divided by 32?
31
Calculate the remainder when 3868 is divided by 45.
43
Calculate the remainder when 274 is divided by 92.
90
Calculate the remainder when 95 is divided by 11.
7
Calculate the remainder when 596 is divided by 24.
20
Calculate the remainder when 733 is divided by 244.
1
What is the remainder when 742 is divided by 16?
6
What is the remainder when 302 is divided by 8?
6
Calculate the remainder when 666 is divided by 46.
22
What is the remainder when 3299 is divided by 110?
109
What is the remainder when 1342 is divided by 252?
82
Calculate the remainder when 3348 is divided by 25.
23
Calculate the remainder when 258 is divided by 146.
112
Calculate the remainder when 4002 is divided by 11.
9
Calculate the remainder when 282 is divided by 11.
7
Calculate the remainder when 5770 is divided by 719.
18
Calculate the remainder when 493 is divided by 31.
28
What is the remainder when 219 is divided by 82?
55
What is the remainder when 40 is divided by 16?
8
Calculate the remainder when 260 is divided by 84.
8
What is the remainder when 917 is divided by 158?
127
Calculate the remainder when 180 is divided by 61.
58
Calculate the remainder when 144 is divided by 74.
70
What is the remainder when 786 is divided by 197?
195
Calculate the remainder when 7422 is divided by 128.
126
What is the remainder when 13 is divided by 3?
1
Calculate the remainder when 28 is divided by 6.
4
What is the remainder when 474 is divided by 72?
42
Calculate the remainder when 345 is divided by 84.
9
What is the remainder when 475 is divided by 66?
13
Calculate the remainder when 564 is divided by 86.
48
What is the remainder when 33 is divided by 7?
5
What is the remainder when 387 is divided by 255?
132
Calculate the remainder when 549 is divided by 172.
33
Calculate the remainder when 17670 is divided by 137.
134
Calculate the remainder when 204 is divided by 62.
18
Calculate the remainder when 208 is divided by 10.
8
Calculate the remainder when 967 is divided by 160.
7
What is the remainder when 82 is divided by 5?
2
Calculate the remainder when 15010 is divided by 36.
34
What is the remainder when 39 is divided by 28?
11
What is the remainder when 74 is divided by 11?
8
Calculate the remainder when 295 is divided by 158.
137
Calculate the remainder when 12 is divided by 9.
3
Calculate the remainder when 291 is divided by 14.
11
Calculate the remainder when 405 is divided by 41.
36
Calculate the remainder when 620 is divided by 197.
29
What is the remainder when 795 is divided by 4?
3
Calculate the remainder when 50 is divided by 34.
16
Calculate the remainder when 60 is divided by 18.
6
What is the remainder when 2089 is divided by 19?
18
What is the remainder when 388 is divided by 15?
13
Calculate the remainder when 27 is divided by 3.
0
What is the remainder when 935 is divided by 67?
64
Calculate the remainder when 294 is divided by 77.
63
What is the remainder when 698 is divided by 28?
26
Calculate the remainder when 178 is divided by 129.
49
Calculate the remainder when 983 is divided by 195.
8
What is the remainder when 61 is divided by 8?
5
What is the remainder when 82 is divided by 40?
2
Calculate the remainder when 31 is divided by 3.
1
Calculate the remainder when 9514 is divided by 52.
50
What is the remainder when 497 is divided by 108?
65
What is the remainder when 59 is divided by 30?
29
Calculate the remainder when 4634 is divided by 76.
74
Calculate the remainder when 921 is divided by 23.
1
Calculate the remainder when 153 is divided by 82.
71
Calculate the remainder when 142 is divided by 10.
2
Calculate the remainder when 4043 is divided by 310.
13
What is the remainder when 1480 is divided by 38?
36
Calculate the remainder when 124 is divided by 44.
36
What is the remainder when 193 is divided by 91?
11
What is the remainder when 152 is divided by 52?
48
Calculate the remainder when 270 is divided by 14.
4
What is the remainder when 21 is divided by 11?
10
What is the remainder when 52 is divided by 44?
8
Calculate the remainder when 1158 is divided by 27.
24
Calculate the remainder when 2554 is divided by 6.
4
Calculate the remainder when 1637 is divided by 1628.
9
What is the remainder when 2188 is divided by 30?
28
What is the remainder when 435 is divided by 55?
50
Calculate the remainder when 225 is divided by 35.
15
What is the remainder when 683 is divided by 99?
89
What is the remainder when 9116 is divided by 19?
15
Calculate the remainder when 2905 is divided by 57.
55
What is the remainder when 85 is divided by 6?
1
What is the remainder when 935 is divided by 13?
12
Calculate the remainder when 614 is divided by 130.
94
Calculate the remainder when 2887 is divided by 76.
75
Calculate the remainder when 680 is divided by 69.
59
What is the remainder when 24744 is divided by 92?
88
What is the remainder when 209 is divided by 55?
44
Calculate the remainder when 215 is divided by 80.
55
Calculate the remainder when 549 is divided by 116.
85
Calculate the remainder when 1637 is divided by 13.
12
What is the remainder when 418 is divided by 61?
52
What is the remainder when 70 is divided by 40?
30
Calculate the remainder when 1546 is divided by 31.
27
What is the remainder when 1757 is divided by 61?
49
What is the remainder when 945 is divided by 48?
33
What is the remainder when 269 is divided by 10?
9
Calculate the remainder when 1617 is divided by 28.
21
What is the remainder when 731 is divided by 61?
60
Calculate the remainder when 158 is divided by 41.
35
Calculate the remainder when 3987 is divided by 3.
0
What is the remainder when 377 is divided by 19?
16
Calculate the remainder when 1705 is divided by 19.
14
Calculate the remainder when 114206 is divided by 43.
41
Calculate the remainder when 1088 is divided by 16.
0
Calculate the remainder when 1430 is divided by 203.
9
Calculate the remainder when 2571 is divided by 23.
18
What is the remainder when 457 is divided by 22?
17
What is the remainder when 130 is divided by 45?
40
Calculate the remainder when 305 is divided by 70.
25
What is the remainder when 88 is divided by 7